e 3*m - 245 = -u*m. Is m prime?
False
Let d(o) = 3*o + 3. Let i be d(3). Suppose 7*l = 4*l + y - 13, 4*y = -4*l - i. Is l/(-2)*-1 - -39 a composite number?
False
Let p(l) = l**3 + 4*l**2 + 2*l + 2. Let u be p(-3). Suppose -u*z = -6*z + 375. Suppose 3*x + 2*x = 5*b - z, -5*b + 2*x = -381. Is b a prime number?
False
Is ((-82)/6 + 1)*459/(-18) prime?
False
Let q be 6/4*16/6. Suppose 2*f = q*p - 508, -f - 381 = -p - 2*p. Is p a composite number?
False
Let r be 222/2 + -1 + 2. Suppose y + r = 3*y. Is 3/(-1) - y/(-2) a prime number?
False
Let d(i) = -37*i + 3. Is d(-2) a prime number?
False
Suppose -7*k = -4*k - 33. Let c = 3 + k. Is c prime?
False
Let o(v) = -4*v**2 - v - 1. Let y be o(-1). Let p be 1 + 2 + y + 3. Is (-258)/(-10) - p/(-10) a prime number?
False
Suppose -2*b + 24 = -2*q, 8*b + 20 = -5*q + 3*b. Let l(x) = -x**3 + 4*x**2 + 4*x + 4. Let o be l(-3). Let v = q + o. Is v prime?
True
Is (-425)/(-3) - (-28)/21 prime?
False
Suppose 137 + 108 = 5*d. Is d a prime number?
False
Let x = 911 - -132. Is x a prime number?
False
Suppose q - 5*a - 866 = 0, -4215 = -5*q + 4*a - 2*a. Is q a prime number?
False
Suppose 0 = -a - a. Suppose 5*v - i - 112 = 0, a = -5*i - 12 + 2. Let j = -9 + v. Is j composite?
False
Suppose -v + 12 = 3*h + h, -3*v + 10 = -h. Suppose -4*a + 12 = v. Is 33 - a - (-2 - 0) a composite number?
True
Let x = 0 - 2. Let d(t) be the third derivative of -3*t**4/8 + t**3/6 - 2*t**2. Is d(x) a composite number?
False
Let q be (-3)/((-30)/(-4))*-820. Let v = q + -165. Is v a prime number?
True
Let d(n) = n**3 - 3*n**2 + 2*n + 1. Let c be d(4). Is 6/(-10) - (-4090)/c prime?
True
Let h(k) = k**3 - 2*k**2 - 3*k - 2. Let x be h(3). Let c(g) be the second derivative of -2*g**3/3 + g**2/2 - 5*g. Is c(x) composite?
True
Suppose -6*g + 15 = -g. Let x = g + 2. Suppose -4*y - x*a = -y - 356, -5*y + 660 = -5*a. Is y prime?
True
Let z(d) = 11*d**2 - 2*d - 7. Let t = 4 + -1. Is z(t) composite?
True
Suppose 2311 - 12123 = -4*i. Is i composite?
True
Suppose 2*y - 3 = -3*h + 3, -3*h = -3*y - 6. Suppose 4*f = h*z - 326, -481 = -3*z + f + f. Is z a prime number?
False
Let q be (-6)/(-21) + (-82)/(-7). Suppose q*n = 9*n + 267. Is n a composite number?
False
Suppose 12 = 4*d - 2*d. Is 177*4/d + -3 a prime number?
False
Suppose 0 = 2*v - 3*t + 526, v - 58 + 330 = -3*t. Is (-1 - 1) + v/(-2) a composite number?
False
Suppose -30 = -2*y + 18. Suppose y = 5*l - 2*d, -3*l + 24 = -0*l + 2*d. Is (-3)/l - 42/(-4) a composite number?
True
Let c(v) = -v. Let z(n) = 22*n + 6. Let r(s) = -3*c(s) + z(s). Is r(5) composite?
False
Suppose 5*h - u = -2*u - 5, 4*h = -2*u + 2. Is (-113)/2*(h - 0) a prime number?
True
Suppose -75 = -x + 69. Let a be 2/9 + x/81. Is a/(1029/(-345) + 3) prime?
False
Let q(j) = -1 + 0 - 3 - 6*j - 3. Is q(-5) a composite number?
False
Suppose 5*n = -j + 1599, 2*j = -6*n + 4*n + 646. Is n prime?
False
Suppose -3*y = -4*y + 2. Is (y - -12)/(2/11) composite?
True
Suppose 3*l - l = 4*s - 14, -3*s - 7 = l. Let k(b) = -b**3 - 6*b**2 + b - 9. Let c be k(l). Suppose -3*n = -3*m - c - 3, 4*n - 42 = -2*m. Is n composite?
False
Let v(u) be the third derivative of -47*u**4/24 + u**3/2 + 3*u**2. Is v(-8) prime?
True
Let o be 7 - 0 - (3 - -1). Is (-6)/o - (-1 + -104) a composite number?
False
Let y(c) = c**3 + 6*c**2 - 6*c + 8. Let k be y(-7). Let v be (1 - k) + (-1 - -6). Is (v - 6)/(1/(-95)) prime?
False
Let k = 4 - 0. Is ((-4)/(-6))/(k/318) composite?
False
Suppose 0 = -n - 0*n + 2. Suppose -t = -3*m + 2*t + 3, 5*t = -n*m + 9. Suppose -m*d - d = -93. Is d composite?
False
Let m(q) = q**3 + q. Let s(l) = -l**2 + 3*l - 2. Let h(y) = -3*m(y) + s(y). Let g be h(2). Is (g - 1)/((-2)/6) a prime number?
False
Suppose 5*x - 1186 = -i, 5*x - 953 = x - 5*i. Is x prime?
False
Let a(p) = 2 + 11*p + 1 - 4. Let t be a(7). Suppose -5*x = -x - t. Is x composite?
False
Suppose p - 3*p = -20. Is p prime?
False
Let c = -23 + 54. Is c a prime number?
True
Let w = 0 - -34. Suppose -4*t + 5*y - 10 = w, 12 = 3*y. Is (-4)/t*(-3423)/(-14) composite?
False
Let l(y) = y**3 + 5*y**2 + 4*y + 3. Let q be l(-4). Suppose -q + 7 = -s. Let n(i) = -4*i - 2. Is n(s) prime?
False
Suppose -2*p = 4, 5*v + 2*p = 6*v - 4. Let k = v - -2. Suppose 2*z - 10 = -k*l, 4*z - l = -4*l + 25. Is z a prime number?
False
Let y = 14 + -7. Let h = 5 - 1. Let l = y - h. Is l a prime number?
True
Is 301/21*66/2 composite?
True
Let q(n) be the first derivative of n**4/4 + 16*n**3/3 + 9*n**2 - 13*n - 1. Is q(-14) prime?
True
Suppose 4*q - 6*q + 574 = 0. Is q prime?
False
Suppose -832 + 222 = -5*b. Is b prime?
False
Let q = 29 - 10. Is q a prime number?
True
Let i(v) = v**3 + v**2 + v + 1. Let o be i(0). Let l = 0 - o. Is (-106)/6*(l - 2) prime?
True
Suppose 34 = -5*f - 21. Let r(w) = w**3 + 13*w**2 - 12*w - 3. Is r(f) a composite number?
True
Let k(b) = -2*b**3 - 3*b**2 + 4*b - 6. Suppose -4*q = d + 2*d, 0 = q - 4*d. Suppose q*l - 25 = 5*l. Is k(l) a prime number?
True
Let p(c) = c - 2. Let z be p(5). Suppose -h = -a - 75, -4*a + 218 = -0*h + z*h. Is h composite?
True
Let d = -613 - -405. Let z be 292 - (-1*2)/(-2). Let q = d + z. Is q prime?
True
Suppose 4*i - 1714 - 830 = 0. Suppose -f - f = -i. Is ((-2)/6)/((-2)/f) a prime number?
True
Suppose -4*m + 2*d + 2798 = 0, m - 3*d = -4*m + 3496. Is m prime?
True
Let g(f) = 4*f**2 + 6*f + 5. Let a be g(-8). Suppose o = -b + a, 4*o - 2*b + 5*b = 856. Is o a prime number?
False
Let b = 11 + 0. Let c = 48 + -12. Let t = c - b. Is t a composite number?
True
Let u(r) = -r**2 + 8*r - 9. Let m be u(7). Suppose -2*j + 1254 = -2*g, -g = 2*g - 5*j + 1887. Is g/(-9) + m/6 composite?
True
Let g(o) = 88*o**2 - 4*o + 2. Let a be g(3). Suppose 5*k - a = 1343. Suppose 0 = -9*y + 4*y + k. Is y composite?
True
Suppose -j + 6*q = q - 526, 3*j = -2*q + 1629. Is j a prime number?
True
Let b = -291 - -742. Is b composite?
True
Suppose 441*a - 1943 = 440*a. Is a a composite number?
True
Suppose 3*t + 215 = 2*w, -4*t = t + 5. Is w composite?
True
Let j(s) = -6*s**2 + 5*s - 1. Let t be j(4). Let h = t - -142. Is h a prime number?
False
Let g = -18 + 3. Let b = g + 64. Is b prime?
False
Is 490 - (-12)/8*-2 composite?
False
Suppose i + 0*i = -119. Suppose -6*q + 186 = -5*q. Let g = q + i. Is g prime?
True
Suppose -2*f + 522 = -5*b - 78, -3*f + 3*b + 891 = 0. Let v = f + -176. Suppose -2*l + 90 = -o - 148, l + 3*o = v. Is l composite?
True
Let d = 299 + 960. Is d composite?
False
Is 3 + 380 + (0 - -1 - 1) prime?
True
Let m(d) = -d**3 + 10*d**2 - 8*d - 14. Is m(6) a prime number?
False
Let v(m) = -1. Let t(j) = -5*j - 6. Let z(i) = -t(i) + 4*v(i). Is z(4) composite?
True
Suppose -10*m = 4378 - 26288. Is m composite?
True
Suppose -q = q - 8. Suppose 0 = -5*b + 3*b + 5*p + 70, q*b - 116 = -2*p. Let i = -9 + b. Is i composite?
True
Let n be 3/(-7) + (-34840)/(-35). Suppose -4*i + 321 = -n. Is i a composite number?
True
Let v = 5 - 0. Suppose v*j = -5*i + 108 + 42, -4*i = j - 132. Is i composite?
True
Let w(l) = -l + 4*l - 3 + 0. Suppose -3*g = 3 - 21. Is w(g) prime?
False
Let g(p) = -2*p - 1. Let l be g(-1). Suppose 0 = -4*o + 11 + l. Suppose 2*t + o*t = 285. Is t a composite number?
True
Let p(c) = 21*c**2 - c + 3. Is p(-2) a prime number?
True
Let v = -60 + 110. Suppose t = 2*t + v. Let o = 127 + t. Is o a prime number?
False
Let y(p) be the third derivative of 3*p**5/20 - 5*p**4/24 + 4*p**2. Let a be y(6). Suppose -2*z = -3*t - 110, 0*t + a = 5*z + 2*t. Is z a composite number?
True
Is (-1832)/(-3) + ((-4)/(-12) - 0) a composite number?
True
Suppose -3*t = 2*l - 9105, -4*t - 5*l + 11168 = -965. Is t a composite number?
False
Let f(c) = 17*c**2 + 2*c. Let t be ((-12)/(-15))/((-4)/10). Let r be f(t). Let n = 113 - r. Is n composite?
True
Let w = 169 + -84. Is w prime?
False
Is 1852/8*10 + -2 - 4 a prime number?
True
Is (-40)/6*(-3)/2 a composite number?
True
Let a(c) = -10*c**3 + 3*c**2 + 4*c + 3. Let q be a(-2). Suppose 2*s = 3*s - q. Is s a composite number?
True
Let s = -206 + 319. Is s a prime number?
True
Let q be (-1)/(-2 - (-9)/6). Is (q - 5) + (-304)/(-2) a composite number?
False
Let z(q) = -2*q**2 + 9*q + 2. Let o(p) = 1. Let j(u) = 3*o(u) - z(u). Is j(6) a composite number?
False
Let r(u) = u**2 + 2*u - 3. Let n be r(-4). Let o = 7 - 10. Is (n/(-4))/(o/348) a prime number?
False
Suppos